{"id":24,"date":"2018-05-08T09:39:24","date_gmt":"2018-05-08T07:39:24","guid":{"rendered":"http:\/\/huissiers-aix.com\/?page_id=24"},"modified":"2019-03-03T08:48:22","modified_gmt":"2019-03-03T07:48:22","slug":"notre-competence-territoriale","status":"publish","type":"page","link":"https:\/\/huissiers-aix.com\/index.php\/notre-competence-territoriale\/","title":{"rendered":"Notre comp\u00e9tence territoriale"},"content":{"rendered":"<p>[et_pb_section fb_built=&#8221;1&#8243; fullwidth=&#8221;on&#8221; admin_label=&#8221;Hero Section&#8221; _builder_version=&#8221;3.0.98&#8243;][et_pb_fullwidth_header title=&#8221;Notre etude&#8221; subhead=&#8221;Notre comp\u00e9tence territoriale&#8221; text_orientation=&#8221;center&#8221; background_overlay_color=&#8221;rgba(255,255,255,0.16)&#8221; content_max_width=&#8221;550px&#8221; _builder_version=&#8221;3.16&#8243; title_font=&#8221;Merriweather|700||on|||||&#8221; title_text_align=&#8221;left&#8221; title_text_color=&#8221;#ffffff&#8221; title_font_size=&#8221;40px&#8221; title_letter_spacing=&#8221;2px&#8221; title_line_height=&#8221;1.8em&#8221; title_text_shadow_style=&#8221;preset4&#8243; content_font=&#8221;||||||||&#8221; subhead_font=&#8221;Merriweather|||on|||||&#8221; subhead_font_size=&#8221;26px&#8221; subhead_line_height=&#8221;1.4em&#8221; subhead_text_shadow_style=&#8221;preset4&#8243; background_color=&#8221;rgba(255,255,255,0)&#8221; background_image=&#8221;https:\/\/huissiers-aix.com\/wp-content\/uploads\/2018\/05\/etude_huissiers_aix-1.jpg&#8221; parallax=&#8221;on&#8221; parallax_method=&#8221;on&#8221; custom_button_two=&#8221;on&#8221; button_two_border_width=&#8221;1px&#8221; button_two_border_color=&#8221;rgba(255,255,255,0.3)&#8221; button_two_border_radius=&#8221;0px&#8221; button_two_letter_spacing=&#8221;1px&#8221; button_two_font=&#8221;Saira Extra Condensed|600||on|||||&#8221; button_two_icon=&#8221;%%3%%&#8221; button_two_icon_color=&#8221;#edbb5f&#8221; custom_button_one=&#8221;on&#8221; button_one_bg_color=&#8221;#9f8f60&#8243; button_one_border_width=&#8221;1px&#8221; button_one_border_color=&#8221;rgba(255,255,255,0.3)&#8221; button_one_border_radius=&#8221;0px&#8221; button_one_letter_spacing=&#8221;1px&#8221; button_one_font=&#8221;Saira Extra Condensed|600||on|||||&#8221; button_one_icon=&#8221;%%3%%&#8221; button_one_icon_color=&#8221;#9f8f60&#8243; button_one_text_shadow_style=&#8221;preset5&#8243; box_shadow_style_button_one=&#8221;preset1&#8243; module_alignment=&#8221;right&#8221; custom_margin=&#8221;|||&#8221; custom_padding=&#8221;8%||260px|&#8221; button_one_text_color_hover=&#8221;#9f8f60&#8243; button_two_text_color_hover=&#8221;#edbb5f&#8221; button_one_bg_color_hover=&#8221;rgba(0,0,0,0)&#8221; button_two_bg_color_hover=&#8221;rgba(0,0,0,0)&#8221; button_one_text_size__hover_enabled=&#8221;off&#8221; button_two_text_size__hover_enabled=&#8221;off&#8221; button_one_text_color__hover_enabled=&#8221;on&#8221; button_one_text_color__hover=&#8221;#9f8f60&#8243; button_two_text_color__hover_enabled=&#8221;on&#8221; button_two_text_color__hover=&#8221;#edbb5f&#8221; button_one_border_width__hover_enabled=&#8221;off&#8221; button_two_border_width__hover_enabled=&#8221;off&#8221; button_one_border_color__hover_enabled=&#8221;off&#8221; button_two_border_color__hover_enabled=&#8221;off&#8221; button_one_border_radius__hover_enabled=&#8221;off&#8221; button_two_border_radius__hover_enabled=&#8221;off&#8221; button_one_letter_spacing__hover_enabled=&#8221;off&#8221; button_two_letter_spacing__hover_enabled=&#8221;off&#8221; button_one_bg_color__hover_enabled=&#8221;on&#8221; button_one_bg_color__hover=&#8221;rgba(0,0,0,0)&#8221; button_two_bg_color__hover_enabled=&#8221;on&#8221; button_two_bg_color__hover=&#8221;rgba(0,0,0,0)&#8221;][\/et_pb_fullwidth_header][\/et_pb_section][et_pb_section fb_built=&#8221;1&#8243; admin_label=&#8221;Services&#8221; _builder_version=&#8221;3.2.2&#8243; background_color=&#8221;rgba(249,249,249,0.68)&#8221; custom_margin=&#8221;|||&#8221; custom_padding=&#8221;2px|0px|32px|0px|false|false&#8221;][et_pb_row custom_padding=&#8221;30px|0px|30px|0px|false|false&#8221; _builder_version=&#8221;3.2.2&#8243;][et_pb_column type=&#8221;4_4&#8243; _builder_version=&#8221;3.2.2&#8243;][et_pb_blurb title=&#8221;Notre comp\u00e9tence territoriale&#8221; _builder_version=&#8221;3.2.2&#8243; header_level=&#8221;h2&#8243; header_font=&#8221;Merriweather||||||||&#8221; header_text_align=&#8221;center&#8221; header_font_size=&#8221;31px&#8221; header_line_height=&#8221;1.3em&#8221; body_font=&#8221;Poppins||||||||&#8221; body_font_size=&#8221;18px&#8221;][\/et_pb_blurb][\/et_pb_column][\/et_pb_row][et_pb_row _builder_version=&#8221;3.2.2&#8243;][et_pb_column type=&#8221;1_2&#8243; _builder_version=&#8221;3.2.2&#8243;][et_pb_blurb _builder_version=&#8221;3.19.18&#8243; header_level=&#8221;h3&#8243; header_font=&#8221;Merriweather|700|||||||&#8221; header_text_color=&#8221;#9f8f60&#8243; header_font_size=&#8221;28px&#8221; header_line_height=&#8221;1.4em&#8221; body_font=&#8221;Poppins|300|||||||&#8221; body_font_size=&#8221;17px&#8221;]<\/p>\n<p><a href=\"https:\/\/huissiers-aix.com\/index.php\/notre-etude\/\" title=\"notre etude\"><span style=\"text-decoration: underline;\">Notre \u00e9tude<\/span><\/a> est comp\u00e9tente sur <strong style=\"color: #9f8f60;\">les Bouches du Rhone (13), le Var (83), les Alpes-de-Haute-Provence (04), et les Alpes-Maritimes (06)<\/strong> pour :<\/p>\n<p>&nbsp;<\/p>\n<ul>\n<li>La signification des actes judiciaires et extra-judiciaires.<\/li>\n<li>L&#8217;ex\u00e9cution des d\u00e9cisions de justice.<\/li>\n<li>Les op\u00e9rations d&#8217;expulsions.<\/li>\n<li>Les constats sur ordonnance d&#8217;un Juge.<\/li>\n<\/ul>\n<p><strong>L&#8217;\u00e9tude dispose d&#8217;une comp\u00e9tence nationale pour :<\/strong><\/p>\n<p>&nbsp;<\/p>\n<ul>\n<li>Les constats de toute nature.<\/li>\n<li>Le recouvrement des cr\u00e9ances par voie amiable.<\/li>\n<li>Le recouvrement des cr\u00e9ances par voie judiciaire.<\/li>\n<li>Le conseil juridique aux particuliers, aux entreprises, aux associations.<\/li>\n<li>La m\u00e9diation des conflits.<\/li>\n<li>La r\u00e9daction des actes (cong\u00e9s, protocoles d&#8217;accords et transactionnels, \u2026).<\/li>\n<li>L&#8217;organisation des jeux-concours (r\u00e9glementation, d\u00e9p\u00f4t, tirage, publication).<\/li>\n<li>L&#8217;organisation des ventes volontaires.<\/li>\n<\/ul>\n<p>[\/et_pb_blurb][\/et_pb_column][et_pb_column type=&#8221;1_2&#8243; _builder_version=&#8221;3.2.2&#8243;][et_pb_image src=&#8221;https:\/\/huissiers-aix.com\/wp-content\/uploads\/2018\/05\/competence_territoriale.png&#8221; _builder_version=&#8221;3.2.2&#8243; max_width=&#8221;77%&#8221; module_alignment=&#8221;center&#8221; custom_margin=&#8221;|||&#8221; custom_padding=&#8221;100px|||&#8221;][\/et_pb_image][\/et_pb_column][\/et_pb_row][\/et_pb_section]<\/p>\n","protected":false},"excerpt":{"rendered":"<p>Notre \u00e9tude est comp\u00e9tente sur les Bouches du Rhone (13), le Var (83), les Alpes-de-Haute-Provence (04), et les Alpes-Maritimes (06) pour : &nbsp; La signification des actes judiciaires et extra-judiciaires. L&#8217;ex\u00e9cution des d\u00e9cisions de justice. Les op\u00e9rations d&#8217;expulsions. Les constats sur ordonnance d&#8217;un Juge. L&#8217;\u00e9tude dispose d&#8217;une comp\u00e9tence nationale pour : &nbsp; Les constats de [&hellip;]<\/p>\n","protected":false},"author":1,"featured_media":0,"parent":0,"menu_order":0,"comment_status":"closed","ping_status":"closed","template":"","meta":{"_et_pb_use_builder":"on","_et_pb_old_content":"","_et_gb_content_width":"","_monsterinsights_skip_tracking":false,"_monsterinsights_sitenote_active":false,"_monsterinsights_sitenote_note":"","_monsterinsights_sitenote_category":0,"footnotes":""},"class_list":["post-24","page","type-page","status-publish","hentry"],"yoast_head":"<!-- This site is optimized with the Yoast SEO plugin v23.0 - https:\/\/yoast.com\/wordpress\/plugins\/seo\/ -->\n<title>Notre comp\u00e9tence territoriale - SCP De Benedictis Coeffard Maurel<\/title>\n<meta name=\"description\" content=\"Notre comp\u00e9tence territoriale. Notre \u00e9tude est comp\u00e9tente sur les Bouches du Rhone (13), le Var (83), les Alpes-de-Haute-Provence (04), et les Alpes-Maritimes (06), d\u00e9couvrez nos services.\" \/>\n<meta name=\"robots\" content=\"index, follow, max-snippet:-1, max-image-preview:large, max-video-preview:-1\" \/>\n<link rel=\"canonical\" href=\"https:\/\/huissiers-aix.com\/index.php\/notre-competence-territoriale\/\" \/>\n<meta property=\"og:locale\" content=\"fr_FR\" \/>\n<meta property=\"og:type\" content=\"article\" \/>\n<meta property=\"og:title\" content=\"Notre comp\u00e9tence territoriale - SCP De Benedictis Coeffard Maurel\" \/>\n<meta property=\"og:description\" content=\"Notre comp\u00e9tence territoriale. Notre \u00e9tude est comp\u00e9tente sur les Bouches du Rhone (13), le Var (83), les Alpes-de-Haute-Provence (04), et les Alpes-Maritimes (06), d\u00e9couvrez nos services.\" \/>\n<meta property=\"og:url\" content=\"https:\/\/huissiers-aix.com\/index.php\/notre-competence-territoriale\/\" \/>\n<meta property=\"og:site_name\" content=\"SCP De Benedictis Coeffard Maurel\" \/>\n<meta property=\"article:modified_time\" content=\"2019-03-03T07:48:22+00:00\" \/>\n<meta name=\"twitter:card\" content=\"summary_large_image\" \/>\n<meta name=\"twitter:label1\" content=\"Dur\u00e9e de lecture estim\u00e9e\" \/>\n\t<meta name=\"twitter:data1\" content=\"3 minutes\" \/>\n<script type=\"application\/ld+json\" class=\"yoast-schema-graph\">{\"@context\":\"https:\/\/schema.org\",\"@graph\":[{\"@type\":\"WebPage\",\"@id\":\"https:\/\/huissiers-aix.com\/index.php\/notre-competence-territoriale\/\",\"url\":\"https:\/\/huissiers-aix.com\/index.php\/notre-competence-territoriale\/\",\"name\":\"Notre comp\u00e9tence territoriale - SCP De Benedictis Coeffard Maurel\",\"isPartOf\":{\"@id\":\"https:\/\/huissiers-aix.com\/#website\"},\"datePublished\":\"2018-05-08T07:39:24+00:00\",\"dateModified\":\"2019-03-03T07:48:22+00:00\",\"description\":\"Notre comp\u00e9tence territoriale. Notre \u00e9tude est comp\u00e9tente sur les Bouches du Rhone (13), le Var (83), les Alpes-de-Haute-Provence (04), et les Alpes-Maritimes (06), d\u00e9couvrez nos services.\",\"breadcrumb\":{\"@id\":\"https:\/\/huissiers-aix.com\/index.php\/notre-competence-territoriale\/#breadcrumb\"},\"inLanguage\":\"fr-FR\",\"potentialAction\":[{\"@type\":\"ReadAction\",\"target\":[\"https:\/\/huissiers-aix.com\/index.php\/notre-competence-territoriale\/\"]}]},{\"@type\":\"BreadcrumbList\",\"@id\":\"https:\/\/huissiers-aix.com\/index.php\/notre-competence-territoriale\/#breadcrumb\",\"itemListElement\":[{\"@type\":\"ListItem\",\"position\":1,\"name\":\"Accueil\",\"item\":\"https:\/\/huissiers-aix.com\/\"},{\"@type\":\"ListItem\",\"position\":2,\"name\":\"Notre comp\u00e9tence territoriale\"}]},{\"@type\":\"WebSite\",\"@id\":\"https:\/\/huissiers-aix.com\/#website\",\"url\":\"https:\/\/huissiers-aix.com\/\",\"name\":\"SCP De Benedictis Coeffard Maurel\",\"description\":\"Huissiers de Justice \u00e0 Aix en Provence\",\"potentialAction\":[{\"@type\":\"SearchAction\",\"target\":{\"@type\":\"EntryPoint\",\"urlTemplate\":\"https:\/\/huissiers-aix.com\/?s={search_term_string}\"},\"query-input\":\"required name=search_term_string\"}],\"inLanguage\":\"fr-FR\"}]}<\/script>\n<!-- \/ Yoast SEO plugin. -->","yoast_head_json":{"title":"Notre comp\u00e9tence territoriale - SCP De Benedictis Coeffard Maurel","description":"Notre comp\u00e9tence territoriale. Notre \u00e9tude est comp\u00e9tente sur les Bouches du Rhone (13), le Var (83), les Alpes-de-Haute-Provence (04), et les Alpes-Maritimes (06), d\u00e9couvrez nos services.","robots":{"index":"index","follow":"follow","max-snippet":"max-snippet:-1","max-image-preview":"max-image-preview:large","max-video-preview":"max-video-preview:-1"},"canonical":"https:\/\/huissiers-aix.com\/index.php\/notre-competence-territoriale\/","og_locale":"fr_FR","og_type":"article","og_title":"Notre comp\u00e9tence territoriale - SCP De Benedictis Coeffard Maurel","og_description":"Notre comp\u00e9tence territoriale. Notre \u00e9tude est comp\u00e9tente sur les Bouches du Rhone (13), le Var (83), les Alpes-de-Haute-Provence (04), et les Alpes-Maritimes (06), d\u00e9couvrez nos services.","og_url":"https:\/\/huissiers-aix.com\/index.php\/notre-competence-territoriale\/","og_site_name":"SCP De Benedictis Coeffard Maurel","article_modified_time":"2019-03-03T07:48:22+00:00","twitter_card":"summary_large_image","twitter_misc":{"Dur\u00e9e de lecture estim\u00e9e":"3 minutes"},"schema":{"@context":"https:\/\/schema.org","@graph":[{"@type":"WebPage","@id":"https:\/\/huissiers-aix.com\/index.php\/notre-competence-territoriale\/","url":"https:\/\/huissiers-aix.com\/index.php\/notre-competence-territoriale\/","name":"Notre comp\u00e9tence territoriale - SCP De Benedictis Coeffard Maurel","isPartOf":{"@id":"https:\/\/huissiers-aix.com\/#website"},"datePublished":"2018-05-08T07:39:24+00:00","dateModified":"2019-03-03T07:48:22+00:00","description":"Notre comp\u00e9tence territoriale. Notre \u00e9tude est comp\u00e9tente sur les Bouches du Rhone (13), le Var (83), les Alpes-de-Haute-Provence (04), et les Alpes-Maritimes (06), d\u00e9couvrez nos services.","breadcrumb":{"@id":"https:\/\/huissiers-aix.com\/index.php\/notre-competence-territoriale\/#breadcrumb"},"inLanguage":"fr-FR","potentialAction":[{"@type":"ReadAction","target":["https:\/\/huissiers-aix.com\/index.php\/notre-competence-territoriale\/"]}]},{"@type":"BreadcrumbList","@id":"https:\/\/huissiers-aix.com\/index.php\/notre-competence-territoriale\/#breadcrumb","itemListElement":[{"@type":"ListItem","position":1,"name":"Accueil","item":"https:\/\/huissiers-aix.com\/"},{"@type":"ListItem","position":2,"name":"Notre comp\u00e9tence territoriale"}]},{"@type":"WebSite","@id":"https:\/\/huissiers-aix.com\/#website","url":"https:\/\/huissiers-aix.com\/","name":"SCP De Benedictis Coeffard Maurel","description":"Huissiers de Justice \u00e0 Aix en Provence","potentialAction":[{"@type":"SearchAction","target":{"@type":"EntryPoint","urlTemplate":"https:\/\/huissiers-aix.com\/?s={search_term_string}"},"query-input":"required name=search_term_string"}],"inLanguage":"fr-FR"}]}},"_links":{"self":[{"href":"https:\/\/huissiers-aix.com\/index.php\/wp-json\/wp\/v2\/pages\/24","targetHints":{"allow":["GET"]}}],"collection":[{"href":"https:\/\/huissiers-aix.com\/index.php\/wp-json\/wp\/v2\/pages"}],"about":[{"href":"https:\/\/huissiers-aix.com\/index.php\/wp-json\/wp\/v2\/types\/page"}],"author":[{"embeddable":true,"href":"https:\/\/huissiers-aix.com\/index.php\/wp-json\/wp\/v2\/users\/1"}],"replies":[{"embeddable":true,"href":"https:\/\/huissiers-aix.com\/index.php\/wp-json\/wp\/v2\/comments?post=24"}],"version-history":[{"count":6,"href":"https:\/\/huissiers-aix.com\/index.php\/wp-json\/wp\/v2\/pages\/24\/revisions"}],"predecessor-version":[{"id":997,"href":"https:\/\/huissiers-aix.com\/index.php\/wp-json\/wp\/v2\/pages\/24\/revisions\/997"}],"wp:attachment":[{"href":"https:\/\/huissiers-aix.com\/index.php\/wp-json\/wp\/v2\/media?parent=24"}],"curies":[{"name":"wp","href":"https:\/\/api.w.org\/{rel}","templated":true}]}}