{"id":625,"date":"2018-06-09T10:54:31","date_gmt":"2018-06-09T08:54:31","guid":{"rendered":"https:\/\/huissiers-aix.com\/?page_id=625"},"modified":"2018-06-10T10:01:28","modified_gmt":"2018-06-10T08:01:28","slug":"cookies","status":"publish","type":"page","link":"https:\/\/huissiers-aix.com\/index.php\/cookies\/","title":{"rendered":"Cookies"},"content":{"rendered":"<p><strong>Cookies<\/strong><br \/>\n<strong>Informations sur les cookies<\/strong><\/p>\n<p>En poursuivant votre navigation sur ce site, vous acceptez l\u2019utilisation de cookies qui permettront notamment de vous offrir contenus, services, et publicit\u00e9s li\u00e9s \u00e0 vos centres d\u2019int\u00e9r\u00eat.<\/p>\n<p>Afin d\u2019optimiser l\u2019usage de ses services en ligne, le site se r\u00e9serve le droit de placer des cookies sur les ordinateurs des utilisateurs de ses sites.<\/p>\n<p>Ces cookies sont notamment utilis\u00e9s pour faciliter l\u2019acc\u00e8s des utilisateurs, pour le bon fonctionnement des diff\u00e9rents scripts n\u00e9cessaires au codage du site ou autre affichages.<\/p>\n<p>Ces cookies peuvent \u00eatre d\u00e9livr\u00e9s par le site ou par des entreprises tierces.<\/p>\n<p>Pour savoir comment refuser, supprimer ces \u00ab Cookies \u00bb ou \u00eatre pr\u00e9venu de leur r\u00e9ception par un message, veuillez consulter la rubrique d\u2019aide de votre navigateur internet.<\/p>\n<p>En utilisant le site huissiers-aix.com, vous consentez \u00e0 l\u2019utilisation des cookies, afin de vous en garantir une utilisation optimale.<\/p>\n<p><strong>Quelques \u2018 rappels \u2018 \u2026<\/strong><\/p>\n<p>Les cookies :<\/p>\n<p>Pour tout savoir sur les cookies, vos traces, vos droits, la CNIL vous informe, ici : <span style=\"text-decoration: underline;\"><a href=\"https:\/\/www.cnil.fr\/fr\/maitriser-mes-donnees\">http:\/\/www.cnil.fr\/vos-droits\/vos-traces\/<\/a><\/span><\/p>\n<p>La CNIL d\u00e9finit le cookie comme une information d\u00e9pos\u00e9e sur votre disque dur par le serveur du site que vous visitez. Certains cookies n\u00e9cessitent un consentement pr\u00e9alable.<\/p>\n<p>Les menus d\u2019options internet de votre navigateur doivent vous permettre de d\u00e9sactiver facilement les cookies. Lorsque vous visitez un site Internet, les services de ses partenaires ( principalement les affichages publicitaires \u2026 ) peuvent aussi cr\u00e9er des cookies sur votre ordinateur.<\/p>\n<p>La grande majorit\u00e9 des ainsi d\u00e9pos\u00e9s, les sont par le biais des affichages publicitaires, qui servent \u00e0 rentabiliser le site, mais aucunement \u00e0 nuire \u00e0 l\u2019internaute.<\/p>\n<p>Les cookies permettent le bon fonctionnement de nombreuses fonctionnalit\u00e9s sur le site, et am\u00e9liorent l\u2019exp\u00e9rience de navigation sur le site.<\/p>\n<p><strong>Les cookies et la l\u00e9gislation.<\/strong><\/p>\n<p>Au regard des recommandations diffus\u00e9es par la CNIL, les sites Internet, donc quasiment tous \u2026, qui en diffusent, sont maintenant tenus d\u2019en avertir leurs visiteurs, leurs utilisateurs.<\/p>\n<p>Un article d\u00e9taill\u00e9 \u00e0 ce sujet vous en apprendre beaucoup plus :<span style=\"text-decoration: underline;\"> <a href=\"http:\/\/longuetraine.fr\/index.php?article32\/site-conforme-loi\">mettre son site internet en conformit\u00e9 avec la loi<\/a> <\/span>.<\/p>\n<p>Tout ce qui concerne les cookies, leur utilisation par les sites web, la protection des internautes et les possibilit\u00e9s de mise en conformit\u00e9 y sont amplement r\u00e9sum\u00e9es et d\u00e9taill\u00e9es, pour vous aider.<\/p>\n<p><strong>Les cookies sur ce site.<\/strong><\/p>\n<p>Les cookies qui peuvent \u00eatre d\u00e9pos\u00e9s par le site lors de votre navigation, ne comportent absolument aucun risque et sont juste destin\u00e9s, principalement \u00e0:<\/p>\n<p>\u2013 assurer le bon fonctionnement des diff\u00e9rents scripts utilis\u00e9s pour son codage.<\/p>\n<p>\u2013 assurer l\u2019affichage des banni\u00e8res publicitaires.<\/p>\n<p>\u2013 assurer son suivi via les outils fournis par \u2018 Google Analytics\u2019.<\/p>\n<p>\u2013 assurer le bon fonctionnement des boutons de partages sociaux.<\/p>\n","protected":false},"excerpt":{"rendered":"<p>Cookies Informations sur les cookies En poursuivant votre navigation sur ce site, vous acceptez l\u2019utilisation de cookies qui permettront notamment de vous offrir contenus, services, et publicit\u00e9s li\u00e9s \u00e0 vos centres d\u2019int\u00e9r\u00eat. Afin d\u2019optimiser l\u2019usage de ses services en ligne, le site se r\u00e9serve le droit de placer des cookies sur les ordinateurs des utilisateurs [&hellip;]<\/p>\n","protected":false},"author":1,"featured_media":0,"parent":0,"menu_order":0,"comment_status":"closed","ping_status":"closed","template":"","meta":{"_et_pb_use_builder":"","_et_pb_old_content":"","_et_gb_content_width":"","_monsterinsights_skip_tracking":false,"_monsterinsights_sitenote_active":false,"_monsterinsights_sitenote_note":"","_monsterinsights_sitenote_category":0,"footnotes":""},"class_list":["post-625","page","type-page","status-publish","hentry"],"yoast_head":"<!-- This site is optimized with the Yoast SEO plugin v23.0 - https:\/\/yoast.com\/wordpress\/plugins\/seo\/ -->\n<title>Cookies - SCP De Benedictis Coeffard Maurel<\/title>\n<meta name=\"robots\" content=\"index, follow, max-snippet:-1, max-image-preview:large, max-video-preview:-1\" \/>\n<link rel=\"canonical\" href=\"https:\/\/huissiers-aix.com\/index.php\/cookies\/\" \/>\n<meta property=\"og:locale\" content=\"fr_FR\" \/>\n<meta property=\"og:type\" content=\"article\" \/>\n<meta property=\"og:title\" content=\"Cookies - SCP De Benedictis Coeffard Maurel\" \/>\n<meta property=\"og:description\" content=\"Cookies Informations sur les cookies En poursuivant votre navigation sur ce site, vous acceptez l\u2019utilisation de cookies qui permettront notamment de vous offrir contenus, services, et publicit\u00e9s li\u00e9s \u00e0 vos centres d\u2019int\u00e9r\u00eat. Afin d\u2019optimiser l\u2019usage de ses services en ligne, le site se r\u00e9serve le droit de placer des cookies sur les ordinateurs des utilisateurs [&hellip;]\" \/>\n<meta property=\"og:url\" content=\"https:\/\/huissiers-aix.com\/index.php\/cookies\/\" \/>\n<meta property=\"og:site_name\" content=\"SCP De Benedictis Coeffard Maurel\" \/>\n<meta property=\"article:modified_time\" content=\"2018-06-10T08:01:28+00:00\" \/>\n<meta name=\"twitter:card\" content=\"summary_large_image\" \/>\n<meta name=\"twitter:label1\" content=\"Dur\u00e9e de lecture estim\u00e9e\" \/>\n\t<meta name=\"twitter:data1\" content=\"2 minutes\" \/>\n<script type=\"application\/ld+json\" class=\"yoast-schema-graph\">{\"@context\":\"https:\/\/schema.org\",\"@graph\":[{\"@type\":\"WebPage\",\"@id\":\"https:\/\/huissiers-aix.com\/index.php\/cookies\/\",\"url\":\"https:\/\/huissiers-aix.com\/index.php\/cookies\/\",\"name\":\"Cookies - SCP De Benedictis Coeffard Maurel\",\"isPartOf\":{\"@id\":\"https:\/\/huissiers-aix.com\/#website\"},\"datePublished\":\"2018-06-09T08:54:31+00:00\",\"dateModified\":\"2018-06-10T08:01:28+00:00\",\"breadcrumb\":{\"@id\":\"https:\/\/huissiers-aix.com\/index.php\/cookies\/#breadcrumb\"},\"inLanguage\":\"fr-FR\",\"potentialAction\":[{\"@type\":\"ReadAction\",\"target\":[\"https:\/\/huissiers-aix.com\/index.php\/cookies\/\"]}]},{\"@type\":\"BreadcrumbList\",\"@id\":\"https:\/\/huissiers-aix.com\/index.php\/cookies\/#breadcrumb\",\"itemListElement\":[{\"@type\":\"ListItem\",\"position\":1,\"name\":\"Accueil\",\"item\":\"https:\/\/huissiers-aix.com\/\"},{\"@type\":\"ListItem\",\"position\":2,\"name\":\"Cookies\"}]},{\"@type\":\"WebSite\",\"@id\":\"https:\/\/huissiers-aix.com\/#website\",\"url\":\"https:\/\/huissiers-aix.com\/\",\"name\":\"SCP De Benedictis Coeffard Maurel\",\"description\":\"Huissiers de Justice \u00e0 Aix en Provence\",\"potentialAction\":[{\"@type\":\"SearchAction\",\"target\":{\"@type\":\"EntryPoint\",\"urlTemplate\":\"https:\/\/huissiers-aix.com\/?s={search_term_string}\"},\"query-input\":\"required name=search_term_string\"}],\"inLanguage\":\"fr-FR\"}]}<\/script>\n<!-- \/ Yoast SEO plugin. -->","yoast_head_json":{"title":"Cookies - SCP De Benedictis Coeffard Maurel","robots":{"index":"index","follow":"follow","max-snippet":"max-snippet:-1","max-image-preview":"max-image-preview:large","max-video-preview":"max-video-preview:-1"},"canonical":"https:\/\/huissiers-aix.com\/index.php\/cookies\/","og_locale":"fr_FR","og_type":"article","og_title":"Cookies - SCP De Benedictis Coeffard Maurel","og_description":"Cookies Informations sur les cookies En poursuivant votre navigation sur ce site, vous acceptez l\u2019utilisation de cookies qui permettront notamment de vous offrir contenus, services, et publicit\u00e9s li\u00e9s \u00e0 vos centres d\u2019int\u00e9r\u00eat. Afin d\u2019optimiser l\u2019usage de ses services en ligne, le site se r\u00e9serve le droit de placer des cookies sur les ordinateurs des utilisateurs [&hellip;]","og_url":"https:\/\/huissiers-aix.com\/index.php\/cookies\/","og_site_name":"SCP De Benedictis Coeffard Maurel","article_modified_time":"2018-06-10T08:01:28+00:00","twitter_card":"summary_large_image","twitter_misc":{"Dur\u00e9e de lecture estim\u00e9e":"2 minutes"},"schema":{"@context":"https:\/\/schema.org","@graph":[{"@type":"WebPage","@id":"https:\/\/huissiers-aix.com\/index.php\/cookies\/","url":"https:\/\/huissiers-aix.com\/index.php\/cookies\/","name":"Cookies - SCP De Benedictis Coeffard Maurel","isPartOf":{"@id":"https:\/\/huissiers-aix.com\/#website"},"datePublished":"2018-06-09T08:54:31+00:00","dateModified":"2018-06-10T08:01:28+00:00","breadcrumb":{"@id":"https:\/\/huissiers-aix.com\/index.php\/cookies\/#breadcrumb"},"inLanguage":"fr-FR","potentialAction":[{"@type":"ReadAction","target":["https:\/\/huissiers-aix.com\/index.php\/cookies\/"]}]},{"@type":"BreadcrumbList","@id":"https:\/\/huissiers-aix.com\/index.php\/cookies\/#breadcrumb","itemListElement":[{"@type":"ListItem","position":1,"name":"Accueil","item":"https:\/\/huissiers-aix.com\/"},{"@type":"ListItem","position":2,"name":"Cookies"}]},{"@type":"WebSite","@id":"https:\/\/huissiers-aix.com\/#website","url":"https:\/\/huissiers-aix.com\/","name":"SCP De Benedictis Coeffard Maurel","description":"Huissiers de Justice \u00e0 Aix en Provence","potentialAction":[{"@type":"SearchAction","target":{"@type":"EntryPoint","urlTemplate":"https:\/\/huissiers-aix.com\/?s={search_term_string}"},"query-input":"required name=search_term_string"}],"inLanguage":"fr-FR"}]}},"_links":{"self":[{"href":"https:\/\/huissiers-aix.com\/index.php\/wp-json\/wp\/v2\/pages\/625","targetHints":{"allow":["GET"]}}],"collection":[{"href":"https:\/\/huissiers-aix.com\/index.php\/wp-json\/wp\/v2\/pages"}],"about":[{"href":"https:\/\/huissiers-aix.com\/index.php\/wp-json\/wp\/v2\/types\/page"}],"author":[{"embeddable":true,"href":"https:\/\/huissiers-aix.com\/index.php\/wp-json\/wp\/v2\/users\/1"}],"replies":[{"embeddable":true,"href":"https:\/\/huissiers-aix.com\/index.php\/wp-json\/wp\/v2\/comments?post=625"}],"version-history":[{"count":4,"href":"https:\/\/huissiers-aix.com\/index.php\/wp-json\/wp\/v2\/pages\/625\/revisions"}],"predecessor-version":[{"id":1135,"href":"https:\/\/huissiers-aix.com\/index.php\/wp-json\/wp\/v2\/pages\/625\/revisions\/1135"}],"wp:attachment":[{"href":"https:\/\/huissiers-aix.com\/index.php\/wp-json\/wp\/v2\/media?parent=625"}],"curies":[{"name":"wp","href":"https:\/\/api.w.org\/{rel}","templated":true}]}}